lculate the highest common divisor of 957222 and 3206.
14
What is the greatest common divisor of 22498714 and 266?
14
What is the highest common factor of 32201 and 248723001?
2477
Calculate the greatest common factor of 3966400214 and 8246.
8246
Calculate the highest common divisor of 113220 and 63920.
340
Calculate the greatest common divisor of 51491 and 968.
11
Calculate the greatest common factor of 53100 and 30575.
25
What is the greatest common factor of 84 and 63409171?
7
Calculate the greatest common divisor of 357 and 1261096907.
119
What is the highest common divisor of 8119401 and 142635?
771
What is the highest common divisor of 62583680 and 2560?
640
What is the highest common factor of 4325 and 27975?
25
Calculate the highest common divisor of 910151 and 11.
11
Calculate the highest common divisor of 72602 and 9328186.
2342
What is the highest common factor of 10128 and 6964899?
633
Calculate the greatest common divisor of 72 and 59492.
4
What is the greatest common divisor of 18869535 and 73093?
3847
Calculate the highest common factor of 17639067 and 2235.
447
What is the greatest common divisor of 144 and 5405967?
9
Calculate the highest common divisor of 26995 and 579669034.
5399
What is the highest common factor of 44077991 and 289?
289
Calculate the highest common divisor of 132223680 and 93.
93
Calculate the greatest common factor of 100 and 205148160.
20
What is the highest common divisor of 3910 and 108341?
17
Calculate the greatest common divisor of 758665 and 9040.
5
Calculate the highest common factor of 18 and 4707.
9
What is the highest common divisor of 12575012 and 378652?
2092
What is the greatest common divisor of 124975 and 76664664?
4999
Calculate the greatest common divisor of 22 and 723224447.
11
What is the highest common factor of 11352 and 909264928?
3784
Calculate the highest common factor of 143959014 and 24.
6
Calculate the highest common divisor of 309496 and 3256.
88
Calculate the highest common divisor of 78254771 and 5992.
749
Calculate the greatest common factor of 123816 and 20100536.
536
Calculate the greatest common divisor of 28186 and 3543146.
1658
Calculate the greatest common divisor of 979232 and 50.
2
What is the highest common divisor of 22 and 60236656?
2
What is the highest common divisor of 27 and 950661?
9
Calculate the highest common divisor of 240655 and 16735.
5
Calculate the greatest common factor of 3897764 and 5473.
13
Calculate the highest common divisor of 10986560 and 13900.
2780
Calculate the highest common factor of 1608 and 574752.
24
Calculate the greatest common factor of 1527 and 788217.
3
Calculate the greatest common divisor of 1880 and 5224003.
47
Calculate the greatest common divisor of 32711910 and 37191.
1617
What is the greatest common factor of 172626672 and 24?
24
What is the greatest common factor of 1139 and 64274773?
17
What is the highest common factor of 1030 and 4204?
2
Calculate the highest common divisor of 12654111 and 2775.
111
What is the greatest common divisor of 213856614 and 54?
18
What is the highest common factor of 1200 and 1921875?
75
Calculate the highest common factor of 99896 and 135200.
8
Calculate the highest common divisor of 13461345 and 414285.
5835
Calculate the highest common divisor of 2226896 and 7077.
2359
What is the greatest common factor of 1003088 and 1024?
16
What is the highest common factor of 147747482 and 508?
254
Calculate the greatest common divisor of 4032 and 100039968.
2016
Calculate the highest common divisor of 84202706 and 618.
206
Calculate the highest common divisor of 46529093 and 52.
13
Calculate the highest common divisor of 569894015 and 505.
505
What is the greatest common factor of 114354 and 198?
18
What is the greatest common factor of 19652 and 30736?
68
What is the greatest common factor of 1340353800 and 1800?
1800
What is the greatest common divisor of 16431156 and 12096?
252
Calculate the greatest common divisor of 1071710208 and 2208.
2208
Calculate the greatest common factor of 148191334 and 232.
58
Calculate the greatest common factor of 238 and 6905570.
238
Calculate the highest common factor of 59492 and 665968.
428
Calculate the highest common divisor of 340 and 42088.
4
What is the greatest common factor of 22256 and 365456?
208
Calculate the highest common factor of 4320 and 705888.
864
Calculate the highest common divisor of 9212 and 53508.
196
Calculate the greatest common divisor of 34916 and 55013.
203
Calculate the highest common divisor of 159404 and 1624.
28
What is the highest common factor of 27729 and 223728?
237
What is the greatest common divisor of 303306 and 2526?
6
Calculate the greatest common factor of 1614 and 7812298.
538
Calculate the greatest common factor of 4025 and 20158327.
161
What is the greatest common factor of 52 and 1914692?
52
Calculate the greatest common factor of 12723226 and 13622.
278
Calculate the greatest common factor of 195053850 and 25.
25
Calculate the highest common divisor of 2694557 and 235.
47
What is the highest common divisor of 466089 and 14676531?
2109
What is the greatest common divisor of 135339 and 13375203?
687
What is the highest common factor of 3354 and 149965338?
258
What is the greatest common factor of 1363531 and 189475?
689
Calculate the greatest common factor of 9392075 and 13328.
833
What is the greatest common divisor of 324 and 3589542?
54
Calculate the highest common factor of 66745 and 2611805.
35
Calculate the greatest common divisor of 955332 and 304164.
4284
What is the highest common divisor of 30476432 and 784?
784
Calculate the greatest common factor of 3 and 343569.
3
Calculate the highest common factor of 11478495 and 73059.
1029
Calculate the greatest common divisor of 2278 and 86976586.
134
Calculate the highest common divisor of 52 and 6463366.
26
Calculate the greatest common factor of 7552 and 238016384.
7552
What is the highest common factor of 89496693 and 1716?
429
What is the greatest common factor of 46594767 and 2418?
93
What is the greatest common factor of 1900734 and 5456?
682
Calculate the highest common divisor of 10348655 and 7850.
785
What is the highest common divisor of 87437944 and 566?
566
What is the highest common divisor of 878788 and 34286?
62
What is the greatest common divisor of 17925 and 41325?
75
Calculate the highest common factor of 104310 and 6570.
90
What is the highest common factor of 251 and 109352417?
251
What is the highest common divisor of 2252 and 556?
4
What is the greatest common divisor of 61 and 423579852?
61
Calculate the highest common factor of 5773493 and 1749.
11
Calculate the highest common divisor of 566000 and 1946000.
2000
What is the greatest common factor of 80 and 9300820?
20
Calculate the greatest common divisor of 292 and 75311837.
73
What is the greatest common factor of 41777522 and 5704?
1426
What is the highest common factor of 9067048 and 512?
8
What is the greatest common divisor of 210560 and 7285?
235
What is the greatest common divisor of 113764 and 173264?
476
Calculate the highest common factor of 814176 and 1099296.
3168
What is the highest common factor of 670 and 15427822?
134
What is the highest common divisor of 1913005 and 10?
5
What is the greatest common divisor of 1090 and 13273802?
218
Calculate the greatest common divisor of 20520 and 13736088.
4104
What is the highest common factor of 8 and 256202392?
8
What is the highest common factor of 4350 and 8028795?
435
What is the greatest common divisor of 1594176 and 128?
64
What is the highest common divisor of 1464 and 99916048?
488
What is the greatest common factor of 28945176 and 520?
104
Calculate the highest common divisor of 8 and 42838536.
8
What is the greatest common divisor of 16401 and 1548372?
21
What is the highest common divisor of 2240 and 969760960?
2240
What is the highest common divisor of 2404720605 and 129?
129
What is the greatest common factor of 1821 and 45504969?
1821
What is the greatest common divisor of 71176 and 19065?
1271
What is the highest common divisor of 141157710 and 36?
18
What is the highest common divisor of 5097240 and 13410?
90
What is the highest common factor of 287284169 and 37?
37
What is the highest common factor of 332990 and 4509904